when 47685 is divided by 30.
15
Calculate the remainder when 47425 is divided by 52.
1
What is the remainder when 2416 is divided by 1181?
54
Calculate the remainder when 7699 is divided by 35.
34
What is the remainder when 6362 is divided by 32?
26
What is the remainder when 17254 is divided by 83?
73
Calculate the remainder when 17223 is divided by 107.
103
Calculate the remainder when 6153 is divided by 742.
217
Calculate the remainder when 2205 is divided by 38.
1
Calculate the remainder when 57846 is divided by 77.
19
Calculate the remainder when 1691 is divided by 499.
194
What is the remainder when 344 is divided by 175?
169
What is the remainder when 66989 is divided by 5151?
26
What is the remainder when 129171 is divided by 78?
3
Calculate the remainder when 9871 is divided by 93.
13
Calculate the remainder when 3558 is divided by 874.
62
Calculate the remainder when 1318642 is divided by 2338.
10
What is the remainder when 38978 is divided by 21?
2
Calculate the remainder when 32150 is divided by 69.
65
Calculate the remainder when 36074 is divided by 17709.
656
Calculate the remainder when 172 is divided by 3.
1
Calculate the remainder when 4954 is divided by 59.
57
What is the remainder when 83400 is divided by 187?
185
What is the remainder when 89251 is divided by 2479?
7
What is the remainder when 906 is divided by 227?
225
Calculate the remainder when 28879 is divided by 8.
7
What is the remainder when 1275 is divided by 307?
47
What is the remainder when 17875 is divided by 993?
1
What is the remainder when 866239 is divided by 41?
32
What is the remainder when 76248 is divided by 1190?
88
Calculate the remainder when 18260 is divided by 47.
24
What is the remainder when 6421 is divided by 32?
21
Calculate the remainder when 39033 is divided by 4878.
9
Calculate the remainder when 48045 is divided by 82.
75
What is the remainder when 35601 is divided by 200?
1
What is the remainder when 15377 is divided by 257?
214
What is the remainder when 9664 is divided by 1135?
584
What is the remainder when 2735774 is divided by 15?
14
Calculate the remainder when 19581 is divided by 6526.
3
What is the remainder when 35443 is divided by 11715?
298
Calculate the remainder when 2892 is divided by 386.
190
What is the remainder when 112251 is divided by 236?
151
Calculate the remainder when 22886 is divided by 72.
62
Calculate the remainder when 4135 is divided by 109.
102
Calculate the remainder when 222483 is divided by 31.
27
Calculate the remainder when 19445 is divided by 95.
65
Calculate the remainder when 1367580 is divided by 38.
36
Calculate the remainder when 302 is divided by 264.
38
Calculate the remainder when 3021 is divided by 763.
732
What is the remainder when 181761 is divided by 32?
1
What is the remainder when 329 is divided by 322?
7
Calculate the remainder when 7513 is divided by 7382.
131
Calculate the remainder when 24935 is divided by 346.
23
Calculate the remainder when 1023 is divided by 237.
75
Calculate the remainder when 50138 is divided by 15.
8
What is the remainder when 441 is divided by 248?
193
What is the remainder when 179465 is divided by 44866?
1
What is the remainder when 12860 is divided by 12?
8
What is the remainder when 332 is divided by 194?
138
Calculate the remainder when 532 is divided by 154.
70
Calculate the remainder when 176213 is divided by 181.
100
What is the remainder when 1349 is divided by 496?
357
What is the remainder when 574588 is divided by 1070?
1068
What is the remainder when 13107 is divided by 3270?
27
What is the remainder when 273296 is divided by 75?
71
What is the remainder when 225245 is divided by 125?
120
What is the remainder when 15194 is divided by 167?
164
What is the remainder when 3862 is divided by 1317?
1228
What is the remainder when 147872 is divided by 2594?
14
What is the remainder when 4425 is divided by 160?
105
What is the remainder when 144847 is divided by 159?
157
What is the remainder when 29491 is divided by 215?
36
Calculate the remainder when 17873 is divided by 177.
173
What is the remainder when 59254 is divided by 1410?
34
Calculate the remainder when 957332 is divided by 38.
36
Calculate the remainder when 1523132 is divided by 16.
12
What is the remainder when 26990 is divided by 223?
7
What is the remainder when 10686 is divided by 21?
18
What is the remainder when 5205 is divided by 149?
139
Calculate the remainder when 7121 is divided by 2.
1
Calculate the remainder when 11645 is divided by 320.
125
What is the remainder when 33459 is divided by 33451?
8
Calculate the remainder when 469094 is divided by 9.
5
Calculate the remainder when 1304 is divided by 377.
173
Calculate the remainder when 38871 is divided by 1076.
135
Calculate the remainder when 221160 is divided by 11058.
0
What is the remainder when 15808 is divided by 527?
525
What is the remainder when 8054 is divided by 1342?
2
What is the remainder when 135107 is divided by 24?
11
Calculate the remainder when 33998 is divided by 37.
32
What is the remainder when 27739 is divided by 128?
91
Calculate the remainder when 13853 is divided by 55.
48
What is the remainder when 30396 is divided by 30059?
337
What is the remainder when 9443 is divided by 68?
59
What is the remainder when 832 is divided by 392?
48
What is the remainder when 4461 is divided by 221?
41
What is the remainder when 24228 is divided by 104?
100
Calculate the remainder when 2516 is divided by 1163.
190
What is the remainder when 9074 is divided by 284?
270
What is the remainder when 4401 is divided by 275?
1
What is the remainder when 1123 is divided by 237?
175
Calculate the remainder when 3336 is divided by 3299.
37
What is the remainder when 9508 is divided by 4748?
12
What is the remainder when 6195 is divided by 259?
238
What is the remainder when 2824 is divided by 2815?
9
What is the remainder when 74849 is divided by 25?
24
Calculate the remainder when 22175 is divided by 7390.
5
Calculate the remainder when 504673 is divided by 167.
166
What is the remainder when 1720 is divided by 38?
10
What is the remainder when 1286 is divided by 560?
166
What is the remainder when 33895 is divided by 208?
199
Calculate the remainder when 2113 is divided by 124.
5
Calculate the remainder when 4645 is divided by 160.
5
Calculate the remainder when 17361 is divided by 19.
14
Calculate the remainder when 1273 is divided by 1170.
103
Calculate the remainder when 9028 is divided by 311.
9
Calculate the remainder when 1463887 is divided by 7.
5
What is the remainder when 1152394 is divided by 25?
19
Calculate the remainder when 61575 is divided by 54.
15
What is the remainder when 5341 is divided by 270?
211
Calculate the remainder when 3203 is divided by 2735.
468
Calculate the remainder when 1839596 is divided by 200.
196
Calculate the remainder when 525 is divided by 6.
3
Calculate the remainder when 8245 is divided by 655.
385
What is the remainder when 2858 is divided by 13?
11
Calculate the remainder when 5657 is divided by 214.
93
Calculate the remainder when 747947 is divided by 54.
47
What is the remainder when 64017 is divided by 6?
3
What is the remainder when 234346 is divided by 15?
1
Calculate the remainder when 48764 is divided by 180.
164
Calculate the remainder when 487440 is divided by 11.
8
Calculate the remainder when 15433 is divided by 105.
103
What is the remainder when 29518 is divided by 410?
408
Calculate the remainder when 133819 is divided by 9.
7
What is the remainder when 606 is divided by 283?
40
What is the remainder when 14773 is divided by 44?
33
Calculate the remainder when 1671415 is divided by 534.
529
What is the remainder when 58573 is divided by 15?
13
Calculate the remainder when 232250 is divided by 77415.
5
What is the remainder when 397951 is divided by 39795?
1
What is the remainder when 46062 is divided by 245?
2
What is the remainder when 26150 is divided by 476?
446
Calculate the remainder when 17335 is divided by 68.
63
What is the remainder when 268 is divided by 80?
28
Calculate the remainder when 8049 is divided by 1884.
513
Calculate the remainder when 13251 is divided by 946.
7
What is the remainder when 3924138 is divided by 13?
10
Calculate the remainder whe